t t be o(9). What is the units digit of 0 - (-1249 - -2)*t?
7
Suppose 3 = -4*w + 5*w. Suppose 0*b + g = -w*b + 343, 115 = b + g. What is the tens digit of b?
1
Suppose 34*o + 79942 = 277244. What is the thousands digit of o?
5
Let o(t) = 3*t**2 + 18588*t + 30 - 18588*t. What is the tens digit of o(6)?
3
Let m be 312 + 24/(-6) + 464/(-58). Suppose 2*q = -2*b - 280, -q - 10 = -3*q. Let g = b + m. What is the units digit of g?
5
Let g = 2812 + -658. Suppose 18*i = -g + 26022. What is the tens digit of i?
2
Let a = -8450 - -15280. Suppose 0 = 9*f - 19*f + a. What is the hundreds digit of f?
6
Let q(r) = 2*r + 40. Let i = -417 - -645. Suppose 18*s - i = -s. What is the units digit of q(s)?
4
Let u(r) = -r**3 - 9*r**2 + r + 9. Let p be u(-9). Suppose p*t = -4*t + 544. Suppose 12*b - t = 4*b. What is the units digit of b?
7
Suppose 14*x - 15*x - 17 = -2*w, -4*x + 4*w - 56 = 0. What is the units digit of (-28)/(-154) + (-3188)/x?
0
Let f = -46 - -49. Suppose -252 = -f*u - 5*h, u + 70 = 2*u - 3*h. Let b = -58 + u. What is the tens digit of b?
2
What is the hundreds digit of 100575/15 - -6*3/(-6)?
7
Let k = 52158 + -19228. What is the hundreds digit of k?
9
What is the tens digit of (302614/(-65))/(3/(-45)*6)?
3
Let l = 512 - 533. Let q(g) = g**3 + 23*g**2 + 8*g - 13. What is the hundreds digit of q(l)?
7
Let t = 147 + -145. Suppose -t = 2*j, 4*j - 5*j = -y + 40. What is the units digit of y?
9
Let p be 336/(-80) + 4/(-5). Let l(n) = 5*n**2 + 6*n - 2. Let d be l(p). Suppose 0 = q - 4*a - 68, 0 = -3*q - 2*a + d + 55. What is the tens digit of q?
5
Let h be -1 + (0 - 1*(-4 + -1)). What is the hundreds digit of ((-20)/25)/(((-32)/6820)/h)?
6
Let g = 17355 + 40869. What is the units digit of g?
4
Suppose -316*f + 7059647 = -7015941. What is the tens digit of f?
4
Suppose -30 = -r + 4*u, 2*r - 2*u = -0*u + 30. Suppose -r*x + 24 = -2*x. What is the units digit of 2/x*-6*(-3)/6?
2
Let s(h) = 12*h + 12. Let o be s(-7). Let p be (2/4)/((-12)/o). What is the units digit of (p + 0 - 4)*-9?
9
Let m(b) = 35*b**3 - 21*b**2 + 56*b + 2. What is the thousands digit of m(6)?
7
Let a = -2636 - 14888. What is the hundreds digit of a/(-65)*(0 - (-15)/6)?
6
Suppose 0 = -5*z + 205 + 195. Suppose -3*k - 4*h + z = -2*k, 0 = -4*h - 12. What is the units digit of k?
2
Suppose -40*m + 91230 = -18610. What is the thousands digit of m?
2
Suppose 21*v - 65668 = 125204 + 66273. What is the units digit of v?
5
Let s(x) = x**3 + 22*x**2 - 25*x + 47. Let c be s(-23). Let f = -54 + c. Suppose n - 171 = -4*q, q - 8*n - f = -7*n. What is the units digit of q?
2
Let k(u) = -300*u + 2584. What is the ten thousands digit of k(-25)?
1
Let o be (-70035)/(-46)*12/10. What is the hundreds digit of 29 + -32 - o/(-3)?
6
What is the units digit of (5 - -1332)/((-40)/(-760))?
3
Suppose q + 39*j + 449 = 44*j, 5*q = j - 2173. Let w = 928 + q. What is the hundreds digit of w?
4
Suppose 0 = -l - 5*h + 630 - 58, -5*l - 3*h + 2772 = 0. Suppose -963*v = -993*v + 11100. Let i = l - v. What is the units digit of i?
2
Suppose 15*v + 7808 = 16*v. What is the units digit of v?
8
Let p = -44 + -4. Let s = p + 52. What is the units digit of ((-1089)/22)/((-3)/s)?
6
Let w(h) = h**3 - 14*h**2 + 10*h + 90. Let f be w(13). Suppose 15150 = f*c - 36*c. What is the tens digit of c?
1
Let x(i) = -4*i**2 - 20*i + 31. Let m(h) = 7*h**2 + 40*h - 61. Let f(d) = 3*m(d) + 5*x(d). What is the units digit of f(-22)?
6
Suppose -3*i = -5*i - 4*d - 636, 954 = -3*i - d. Let u = i - -1679. What is the tens digit of u?
6
Let b = 113 + -98. Suppose -b*m + 20*m = 4585. What is the hundreds digit of m?
9
Let d = 42669 + -24740. What is the thousands digit of d?
7
Let g(k) = -k**3 - 38*k**2 + 197*k - 11. What is the tens digit of g(-43)?
6
Let q be 410/50 + 1/(-5). Suppose -17 + q = -3*s. Suppose -3*o - o + 262 = 3*h, 0 = h + s*o - 94. What is the tens digit of h?
8
Let v(k) = -10*k - 118. Let o be v(-32). Let f = 258 - o. What is the tens digit of f?
5
Suppose 0 = 3*h - 2*c - 26, -7*h + 6*h + 14 = -2*c. Suppose 3*d - 5031 = -h*d. What is the tens digit of d?
5
Let y(s) = -s**3 - 5*s**2 + 5*s - 4. Let u = -61 - -55. Let p be y(u). Suppose -o - 4*q = -25, 3 = -p*o + o + 3*q. What is the units digit of o?
9
Let i = -402 - 153. Let l = 583 + i. What is the tens digit of l?
2
What is the units digit of 4429 - (-5*(-7)/35 + -1)?
9
Suppose -94*w = -84*w - 53110. What is the hundreds digit of w?
3
Let m = 19 + 9. Let y = -14 + m. Suppose a = 4*a - 3, -n - 3*a = -y. What is the tens digit of n?
1
Let y be -2 + -69 + 4/(-4). Suppose 5*j + 178 - 878 = 0. Let h = j + y. What is the tens digit of h?
6
Let a = -471 + 894. Suppose 2*z - 1215 = 5*f - 3*z, -3*f + 5*z = 721. Let d = f + a. What is the tens digit of d?
7
Suppose 0 = -8*v - 5*r + 101159, 37969 = 3*v + r - 6*r. What is the units digit of v?
8
Let i(k) = 4*k + 5. Let h be i(7). Let r = 25 - h. Let o(l) = -l**2 - 25*l - 4. What is the units digit of o(r)?
2
Suppose t + t - 5258 = -4*g, -5*g + 4*t = -6605. What is the tens digit of g?
1
Suppose -j = -5*j + 16. Suppose -2*r + 412 + 226 = j*v, 2*r = -6. Suppose 0 = -z + 3*x + v, 10*x - 11*x = 0. What is the hundreds digit of z?
1
Suppose -2*h + 30*g = 31*g - 12531, 3*g = -2*h + 12521. What is the tens digit of h?
6
Suppose -714 = -27*j + 29*j. What is the tens digit of (-4)/(-2)*(6 - j)?
2
Suppose 30967 - 1376 = 17*h - 73922. What is the tens digit of h?
8
Let i(y) = -61*y + 10. Let f be i(2). Let q = f + 59. Let b = q + 112. What is the units digit of b?
9
Suppose -5*b + 3*i = -13875, -8586 + 22421 = 5*b + 5*i. What is the tens digit of b?
7
Suppose 20 = 19*o - 24*o. Let x(g) = -93*g + 11. Let w be x(o). Suppose 5*u - w = -4*j, u + 3*j = 4*u - 246. What is the tens digit of u?
7
Let g(a) = -2454*a + 7858. What is the units digit of g(-4)?
4
Let m = -569 - 893. Let n = m + 2692. What is the hundreds digit of n?
2
Let i(h) = 3*h**3 + 62*h**2 - 756*h - 21. What is the thousands digit of i(18)?
3
Let y(m) = -2*m**3 + m**2 + 6*m + 1516. Let i be y(0). Suppose 0 = -3*q + 7 - 19. What is the tens digit of i/12 + q/12?
2
Let n(p) = -56*p**2 - 21*p - 17. Let q(o) = -14*o**2 - 5*o - 4. Let u be (-847)/33 - (-1)/(-3). Let i(y) = u*q(y) + 6*n(y). What is the units digit of i(-2)?
6
Let s(f) = -21*f - 15*f + 27 + f**2 - 2 + 35*f. What is the units digit of s(9)?
7
Let y = 14141 + -9150. What is the units digit of y?
1
Let p be 321/(2 + 3*3/9). Let y = p + -107. What is the tens digit of (44 - y)/(2/9)?
9
Suppose -3425 = -2*a + d, 5*a - 2764 - 5815 = -3*d. What is the hundreds digit of a?
7
Suppose 409 - 74 = -5*v. Let p = -15 + v. What is the units digit of (p/4)/1*-1*4?
2
Suppose 193 = 2*j + r - 89, j - 4*r - 150 = 0. Let w = 96 + j. What is the tens digit of w?
3
Let v = 1530 - 961. Suppose 15*c - 14*c - v = 0. What is the tens digit of c?
6
Let b be ((-310)/(-3))/((-8)/(-12)). Let h be (b + (1 - 4))*(-2)/(-4). Suppose 4*j = -d + 103, -d + h = -3*j - 2*j. What is the units digit of d?
1
Suppose -2*m - 4*r + 15936 = 0, -13*m + r = -10*m - 23890. What is the tens digit of m?
6
Let l = 56369 - 30780. What is the hundreds digit of l?
5
Suppose 0 = 5*q - 5, -p - 3*q - 2*q + 89 = 0. Let v = 88 - p. Suppose -v*a = 2*c - 354, -5*c - 5*a + 4*a = -885. What is the tens digit of c?
7
Let g be 306/(-10) - (14/10 + -1). Let y = 33 + g. Suppose -s + 13 = y. What is the tens digit of s?
1
Let z(m) be the second derivative of 115*m**3/3 - 3*m**2/2 + m + 13. What is the tens digit of z(2)?
5
Let s = -1627 + 8449. What is the units digit of s?
2
Suppose -2*v = -3*d + 3*v + 1098, -2*v + 1464 = 4*d. Let o = -671 + d. Let a = o - -449. What is the hundreds digit of a?
1
Let y(r) be the first derivative of -r**2 + 65*r - 4. What is the tens digit of y(-25)?
1
What is the units digit of 17012/(-3)*(-7)/2*183/427?
6
Let h(t) = t**3 - 12*t**2 + 3*t + 36. Suppose 13*k + 9*k - 264 = 0. What is the units digit of h(k)?
2
Suppose 0 = 117*g + 340117 - 2164732. What is the tens digit of g?
9
Suppose 2266 = -5*g + 3*w, -3*g + 0*g - 4*w = 1377. Let a be (2/5)/((-7)/g). What is the tens digit of (-2712)/(-52) + (-4)/a?
5
Suppose 0 = b + 3, 2*v - 14098 = -76*b + 72*b. What is the tens digit of v?
5
Suppose g = -4*x + 4 + 34, -2*x = -3*g - 26. Let d(m) = 11 - x*m - 5*m + 14. What is the u